 by w(-7)?
5
Suppose 3*g = 2*l + 145, 6*g - 4*g - 102 = -4*l. Calculate the remainder when g is divided by 20.
9
Let s = 1 - 2. Let o = -534 - -570. What is the remainder when o is divided by (s/3)/(1/(-39))?
10
Suppose 102 = 5*c + 5*x - 78, 115 = 3*c - 4*x. What is the remainder when c is divided by 8?
5
Let c = 205 + -51. What is the remainder when c is divided by 31?
30
Let w = -142 - -145. Suppose 3*i - 3*z = -z + 42, 9 = -3*z. Let g = i + -1. What is the remainder when g is divided by w?
2
Suppose 0 = -w + 15 + 11. Let x be ((-8)/(-6))/(6/(-9)). Let h(l) = -3*l**3 - 4*l**2 - 3*l. Calculate the remainder when w is divided by h(x).
12
Suppose -187 = -5*d + 5*n + 223, -3*n = -2*d + 159. What is the remainder when (3 - 1)*d/6 is divided by 4/8 + 58/4?
14
Let j(l) = 14*l. Calculate the remainder when ((3 - -33) + 5)*1 is divided by j(1).
13
Suppose -v = z + 3*z - 58, -5*z = 2*v - 74. Suppose 2*y - z - 2 = 0. What is the remainder when 15 is divided by y?
7
Let n = 20 - 15. What is the remainder when 22 is divided by n?
2
Suppose 4*d - b - 89 = 0, 3*b + 80 = 4*d - b. Let i = 28 + -16. Calculate the remainder when d is divided by i.
11
Let y = 9 - -5. Suppose -y = -j - 3. Calculate the remainder when 21 is divided by j.
10
What is the remainder when -6*(-4)/18*39 is divided by 18?
16
Suppose 69*u - 77*u + 80 = 0. Suppose 0 = -p - m + 11, -5 = -2*p - 4*m + 25. Let v = p + 11. Calculate the remainder when v is divided by u.
8
Suppose 0 = -4*n + 13 + 7. Suppose -l = l - 10, 4*l = -n*a + 95. Calculate the remainder when 73 is divided by a.
13
Suppose a - 2*b - 44 + 9 = 0, 3*b = 4*a - 160. Let y be a + 0/(-2 - -3). Let m = y + -29. What is the remainder when 26 is divided by m?
12
Let o(p) = -13*p**2 - 35*p + 8. Let v(d) = 3*d**2 + 9*d - 2. Let z(k) = -2*o(k) - 9*v(k). What is the remainder when z(-6) is divided by 17?
15
Let m(c) = -c - 5. Let t = -29 - -20. Let d be m(t). Let l = 11 + d. What is the remainder when 29 is divided by l?
14
Suppose -3*v = 15, -v = -s - 0*v + 81. Calculate the remainder when s is divided by 26.
24
Let x(p) = -p**3 - 13*p**2 + 12*p - 13. Let h be -106*(0 - 2/4). Let o = 82 - h. Calculate the remainder when o is divided by x(-14).
14
Let w(u) = -15*u. Let q be w(-3). Suppose p - 2*p + q = 0. Calculate the remainder when p is divided by 16.
13
Let f(x) = -4*x - 3. Let h be f(-2). Suppose 0 = -l - 2*b + 24, 0*b + 5 = -h*b. Let g(d) = 2*d - 5. Calculate the remainder when l is divided by g(6).
5
Let u = -9 + 15. What is the remainder when 22 is divided by u?
4
Let x(n) = n + 36. Let l be x(0). Suppose v - l = -v. What is the remainder when v is divided by 5?
3
Let o = 79 + 22. What is the remainder when o/3 - 5/(-15) is divided by 18?
16
Suppose -2*t + 65 = 3*t. Calculate the remainder when 23 is divided by t.
10
Suppose -n - 2*n + 30 = 0. Calculate the remainder when 28 is divided by n.
8
Let b be (-2 + 18/4)*44. Suppose -n = -6*n + b. What is the remainder when 65 is divided by n?
21
Suppose -15 + 79 = 4*b. Calculate the remainder when 44 is divided by b.
12
Let b be (-9 - 0)/(-3) - 1. Suppose 83 = b*k + 1. Suppose 7*w = 2*w + 105. Calculate the remainder when k is divided by w.
20
Suppose -4*j + 315 = 31. Calculate the remainder when j is divided by 25.
21
Let z = 19 + -7. What is the remainder when z is divided by 7 + (1 + 0)*-2?
2
Let m be 74/4 - (-6)/4. Suppose -m = -4*g + 32. What is the remainder when 38 is divided by g?
12
Suppose -2*f + 54 = -20. Calculate the remainder when f is divided by 20.
17
Calculate the remainder when -1*((6 - 4) + -25) is divided by 11.
1
Let s be ((-10)/15)/(1/(-24)). Suppose 0 = 5*y + 3*q - 35, -y + 2*q = 3*y - 50. Calculate the remainder when (-1 + -1)*(-232)/s is divided by y.
9
Suppose -i - 105 = -3*r, -4*r + 121 = -4*i + 9*i. Suppose 3*x - x = r. Calculate the remainder when 32 is divided by x.
15
What is the remainder when 17 is divided by 16/3 - 20/(-30)?
5
Suppose 203*y = 224*y - 735. What is the remainder when (-1)/3 + 410/6 is divided by y?
33
Let v(h) = 12*h + 251. What is the remainder when v(0) is divided by 51?
47
Let q = -55 - -129. What is the remainder when q is divided by 26?
22
Suppose -5*n + 16 = -4*n. Let x be (-13)/(-4) + 12/n. Suppose -10 = -j + m, -x*j = m - 38 + 8. What is the remainder when 14 is divided by j?
6
Suppose -8*j = -9*j + 22. Calculate the remainder when 42 is divided by j.
20
Let q(j) = 539*j**2. Let m(y) = 9*y**2. Let v(g) = 121*m(g) - 2*q(g). What is the remainder when (0 - (0 - -1))*-31 is divided by v(-1)?
9
Let d = -4 + 14. Suppose -j + 6 = -p, 3*p + 0 + d = -j. Suppose -5*c = 2*b + 6, -b + 3*c - j = -3*b. Calculate the remainder when b is divided by 3.
1
Suppose -2*m + 3 + 3 = 0. Suppose 30 = 2*x + m*x. Let z = 12 + 5. What is the remainder when z is divided by x?
5
Let m(c) = c**2 + 4*c - 6. Let p be 54/15 - 4/(-10). Let h be m(p). Suppose 4*s - h = 30. Calculate the remainder when 26 is divided by s.
12
Suppose 4*s = 5*s - 3. Suppose 22 = s*y - 212. Calculate the remainder when y is divided by 20.
18
Let s = -1 + 7. Let q(u) = 17*u + 4. What is the remainder when q(s) is divided by 27?
25
Let x = 2 + 1. Suppose x*l - 59 = 4. Suppose a - 26 = -2*g, -g - 5*a = -17 - 14. Calculate the remainder when l is divided by g.
10
Let q(v) = -v**2 - 2*v + 5. Let s be q(-4). Calculate the remainder when 4 is divided by s*(-3 + 32/12).
0
Suppose 5*d - 4*b + 40 = 7*d, -3*d - 5*b = -60. Suppose -3*v + 1 = -d. Calculate the remainder when v is divided by 4.
3
Suppose v = -0*v + 2. Suppose 5*f = v*f + 2*h - 28, 4*f - h + 39 = 0. Let u = f + 14. What is the remainder when u is divided by 2?
0
Suppose 424 = 4*m - 4*l, 2*l - 343 = -2*m - m. What is the remainder when m is divided by 38?
35
Let v = 88 + -51. Calculate the remainder when 145 is divided by v.
34
Let d(h) = 2*h**2 - 4*h - 1. Calculate the remainder when d(5) is divided by 15.
14
What is the remainder when 27 + (1 - (1 - (1 - 0))) is divided by 5?
3
Suppose -w + 4*w - 399 = 0. Calculate the remainder when w is divided by 17.
14
Let w(b) = -2*b - 4. Let s = 322 + -188. Calculate the remainder when s is divided by w(-19).
32
Suppose 23 = -2*r - u, 4*u + 25 = -4*r - 31. Let d(y) = -y**3 - 10*y**2 - 10*y - 1. Calculate the remainder when 22 is divided by d(r).
6
Suppose -423 = -6*z + 453. What is the remainder when z is divided by 37?
35
Suppose -2*a + 2*p + p + 148 = 0, 0 = 2*a + 4*p - 176. Suppose 34 = 3*d - a. What is the remainder when d is divided by 13?
12
Let y(f) = f**3 - 4*f**2 + 4. Let j be y(4). Suppose -v = -j*p - 23, 5*p - 48 - 17 = -5*v. What is the remainder when 43 is divided by v?
13
What is the remainder when 36 is divided by (3 - -1)/((-76)/(-24) + -3)?
12
Let z(b) = 21*b**2 - 2*b + 3. Calculate the remainder when 56 is divided by z(1).
12
Let c = 25 - 14. Suppose 0 = -3*j + 4*u + 146, 2*j - 4*u = 3*j - 22. Calculate the remainder when j is divided by c.
9
Suppose -c - 1 = -0. Calculate the remainder when 37 is divided by c*(-1 - 12)*1.
11
What is the remainder when 24 is divided by ((-1)/1)/(11/(-143))?
11
Let x = 106 + -68. What is the remainder when 151 is divided by x?
37
Suppose 14*x - 21 = 11*x. Calculate the remainder when 23 is divided by x.
2
Let j(y) = -3*y**3 - 2*y**2 + 5*y - 1. Calculate the remainder when j(-3) is divided by 16.
15
Suppose 14 = 2*r - 5*c, -1 = 2*r + c - 3. Let a(t) = -t + 5. Let i be a(5). Suppose i = -d - d + 6. What is the remainder when d is divided by r?
1
What is the remainder when 53 is divided by (-4)/(-16)*4 + (-1 - -11)?
9
Let m(t) = -t + 7. Suppose -l + 2*i = 3*l - 46, -5*l = 4*i - 51. Let c = 36 - l. What is the remainder when c is divided by m(0)?
4
Let h(a) = 50*a**2 + 2*a + 1. Suppose 19*g - 7*g - 312 = 0. Calculate the remainder when h(-1) is divided by g.
23
Suppose 0 = 3*k - 4*j - 81, 3*j + 78 = 2*k + k. Calculate the remainder when 91 is divided by k.
22
Let m = -21 + 23. Calculate the remainder when (-1)/(((-8)/76)/m) is divided by 10.
9
Suppose 3*o + 8 - 23 = 0. What is the remainder when 40 is divided by 71/5 + o/(-25)?
12
Let c be 0 - (42/(-3) + 0). Calculate the remainder when 29 is divided by 144/14 + (-4)/c.
9
Let m = -18 + 70. Let h = 94 + -58. Suppose 0*s = -2*s + h. What is the remainder when m is divided by s?
16
Let w(y) = 